
-16
Let q(w) = w**3 + 23*w**2 - 2*w + 27. Calculate q(-23).
73
Let w(b) = -b**3 + 11*b**2 + 15*b - 32. What is w(12)?
4
Let v(q) = -q**3 + 7*q**2 - 6*q + 7. Calculate v(6).
7
Let y(m) = 2*m**3 + 26*m**2 + 61*m + 15. Calculate y(-10).
5
Let n(z) = 2*z**3 - 5*z**2 + 22*z - 75. Determine n(3).
0
Let j(l) = 6*l - 21. Determine j(6).
15
Let y(t) = t + 15. Give y(-12).
3
Let m(z) = 14*z - 123. Calculate m(9).
3
Let f(y) = y**3 - 5*y**2 - 14*y - 1. Give f(7).
-1
Let z(y) = 84*y - 163. Determine z(2).
5
Let p(n) = n**3 + 6*n**2 + 4*n - 3. Give p(-4).
13
Let m(n) = 2*n**2 - 21*n + 53. Calculate m(4).
1
Let l(c) = -6*c**3 + 2*c. Determine l(-2).
44
Let d(s) = -s**3 - 6*s**2 - 5*s + 4. What is d(-3)?
-8
Let z(m) = -3*m**2 + 8*m + 13. Give z(4).
-3
Let z(r) = -r**2 - 16*r - 26. What is z(-11)?
29
Let x(l) = l**3 - 31*l - 6. Determine x(6).
24
Let d(f) = f**3 - f**2 + 2*f - 1. Calculate d(2).
7
Let r(j) = 2*j**2 - 2*j. What is r(1)?
0
Let b(o) = -2*o + 5. Determine b(-8).
21
Let k(u) = -69*u - 349. Calculate k(-5).
-4
Let m(i) = -i**3 + 36*i**2 + 75*i + 40. What is m(38)?
2
Let m(s) = s**3 + 11*s**2 - 20*s + 31. Calculate m(-13).
-47
Let t(p) = 36*p - 38. Determine t(1).
-2
Let z(y) = -y**3 - 2*y**2 + 4*y + 2. Determine z(-3).
-1
Let b(c) = 6*c**2 + 47*c - 63. Calculate b(-9).
0
Let i(g) = -g**3 - 5*g**2 + 29*g + 34. Determine i(-8).
-6
Let h(m) = m**3 + 5*m**2 - 2*m + 9. Determine h(-6).
-15
Let k(r) = 2*r + 21. Give k(-10).
1
Let l(x) = x**3 - 18*x**2 + 16*x + 27. Determine l(17).
10
Let u(g) = -g + 10. Calculate u(6).
4
Let j(s) = 4*s + 5. Calculate j(-6).
-19
Let l(z) = z**2 - 7*z + 1. Calculate l(6).
-5
Let s(a) = a**2 - 5*a - 3. What is s(4)?
-7
Let c(d) = d**3 - 4*d**2 + d + 2. Give c(4).
6
Let d(s) = 7*s**3 - 2*s**2 - 4*s - 1. Give d(-1).
-6
Let p(o) = 8*o**2 + 47*o - 7. Calculate p(-6).
-1
Let v(l) = l**3 - 8*l**2 + 31*l - 71. Determine v(5).
9
Let i(d) = -4*d**2 + 4*d + 4. Give i(-1).
-4
Let m(i) = 11*i + 80. Calculate m(-7).
3
Let n(m) = -m**3 + m**2 - 2*m - 8. Determine n(0).
-8
Let m(h) = 5*h - 7. Calculate m(-4).
-27
Let k(y) = -12*y - 38. Calculate k(-9).
70
Let g(m) = -m**3 - 8*m**2 + 25*m + 127. Determine g(-9).
-17
Let f(p) = 2*p**2 + 94*p - 101. Give f(-48).
-5
Let x(k) = k**2 + 1. Give x(-1).
2
Let h(q) = q - 7. Calculate h(-6).
-13
Let u(h) = -h**3 - 11*h**2 - 17*h + 19. Determine u(-9).
10
Let b(w) = -w**2 + 8*w + 110. Calculate b(15).
5
Let r(m) = m + 3. What is r(-3)?
0
Let f(c) = c**3 - 8*c**2 + 4*c + 2. Give f(5).
-53
Let l(k) = -k**3 + 36*k**2 + 38*k - 41. What is l(37)?
-4
Let t(o) = 13*o + 136. Calculate t(-11).
-7
Let w(b) = 84*b**3 + b**2 - 5*b + 4. Determine w(1).
84
Let m(w) = w**2 - 6*w - 3. Calculate m(5).
-8
Let b(h) = 10*h**2 - 2*h + 2. Calculate b(-1).
14
Let f(p) = p - 13. Give f(-8).
-21
Let l(p) = p**3 + 7*p**2 - 11*p. Give l(-9).
-63
Let a(c) = -c**3 - 2*c**2 + c - 62. Give a(0).
-62
Let s(p) = p + 4. Calculate s(-19).
-15
Let x(l) = -8*l + 106. What is x(14)?
-6
Let w(b) = -b**2 - 12*b + 30. Give w(-14).
2
Let o(j) = -j**2 - 23. Calculate o(0).
-23
Let n(x) = x**3 - 2*x**2 - x + 1. Give n(0).
1
Let c(s) = 2*s**3 - 9*s**2 + s - 7. Give c(5).
23
Let x(f) = -f**3 - 6*f**2 - 3*f - 9. Determine x(-5).
-19
Let u(j) = 15*j + 77. What is u(-4)?
17
Let w(z) = -8*z**3 + z**2. What is w(-2)?
68
Let j(q) = q**2 + 104*q + 506. Determine j(-5).
11
Let w(o) = 2*o**2 - 70*o + 76. What is w(34)?
8
Let o(q) = -q**2 - 27*q + 67. Determine o(-28).
39
Let z(o) = -4*o**3 - 37*o**2 + 77. Calculate z(-9).
-4
Let j(x) = x**3 - 22*x**2 + 3*x - 64. What is j(22)?
2
Let d(o) = -6*o + 7. Determine d(5).
-23
Let n(w) = 32*w. Calculate n(-1).
-32
Let p(q) = q**2 + 6*q + 1. Give p(-11).
56
Let d(i) = -2*i**2 - 2*i - 2. Give d(2).
-14
Let u(o) = o**3 + 8*o**2 + 15*o + 14. Determine u(-6).
-4
Let w(u) = -2*u + 17. What is w(7)?
3
Let j(s) = -s**2 + 19*s - 55. What is j(4)?
5
Let g(d) = -d - 11. Calculate g(-7).
-4
Let l(q) = 12*q - 13. Give l(1).
-1
Let k(p) = 7*p - 7. Determine k(9).
56
Let s(m) = -16*m + 7. Give s(-2).
39
Let y(g) = -g**2 - 7*g + 20. Calculate y(-9).
2
Let b(r) = -4*r**2 + 10*r + 22. Calculate b(-2).
-14
Let c(b) = b - 11. Determine c(-7).
-18
Let h(a) = 6*a + 96. Give h(-7).
54
Let t(n) = -2*n - 46. Calculate t(-26).
6
Let f(z) = -z**3 + 5*z**2 - 4*z - 6. Determine f(3).
0
Let z(s) = -18*s. Calculate z(-3).
54
Let z(y) = 3*y**2 + 10*y + 34. What is z(-3)?
31
Let p(a) = -a**3 - 27*a**2 + 31*a + 68. Give p(-28).
-16
Let a(w) = -w**3 + w**2 + w + 7. Give a(3).
-8
Let t(y) = y**2 + 15*y + 40. What is t(-11)?
-4
Let i(n) = -n**2 + 20*n + 74. Determine i(23).
5
Let c(d) = 5*d + 274. Determine c(-51).
19
Let k(q) = 2*q**2 + 4*q - 9. What is k(-4)?
7
Let f(b) = -b**2 - 5*b + 7. Give f(-5).
7
Let f(b) = -b**2 + 12*b + 19. Calculate f(13).
6
Let s(b) = 9*b + 238. Determine s(-26).
4
Let s(u) = 19*u - 79. Determine s(-5).
-174
Let g(v) = 2*v**3 - 6*v**2 - 6*v - 4. Give g(5).
66
Let h(w) = -2*w**3 - 35*w**2 - 10*w + 106. Give h(-17).
-13
Let i(q) = -q**3 - 16*q**2 + 16*q - 26. Determine i(-17).
-9
Let k(t) = -t**2 + 6*t - 5. Calculate k(5).
0
Let r(v) = 31*v**2 - v + 3. Determine r(1).
33
Let n(m) = m**3 + 3*m**2 - 3*m - 3. What is n(-3)?
6
Let y(p) = 18*p**2 + 5*p + 11. Give y(-2).
73
Let i(a) = -7*a - 3. Determine i(5).
-38
Let c(h) = 8*h + 4. Give c(-6).
-44
Let r(y) = y**3 + 7*y**2 - 2*y - 9. Give r(-7).
5
Let p(d) = 5*d + 8. What is p(-9)?
-37
Let f(g) = g**2 + 9*g - 3. What is f(-4)?
-23
Let b(g) = g**2 + 3*g + 16. Give b(0).
16
Let q(t) = -2*t - 32. What is q(-10)?
-12
Let s(g) = -g**2 - 9*g + 4. Calculate s(-10).
-6
Let h(s) = -7*s + 81. Give h(8).
25
Let y(n) = 2*n**2 - n - 129. Calculate y(0).
-129
Let n(s) = 17*s - 150. What is n(9)?
3
Let y(r) = r**3 - 9*r**2 + 10*r + 7. What is y(8)?
23
Let b(y) = -3*y**2 - 12*y - 21. What is b(-6)?
-57
Let z(w) = -2*w - 8. Give z(-5).
2
Let i(y) = 17*y - 70. Determine i(5).
15
Let q(l) = -l**2 + 8*l - 4. Give q(5).
11
Let b(z) = z**3 - 8*z. Calculate b(-3).
-3
Let m(r) = 3*r + 11. Determine m(-26).
-67
Let d(m) = m**2 - 14*m + 37. Give d(4).
-3
Let g(o) = -o**2 - 10*o + 9. What is g(-10)?
9
Let k(h) = -9*h + 13. Calculate k(6).
-41
Let g(i) = 22*i**2 + i. What is g(1)?
23
Let d(l) = -5*l**2 + 26*l + 87. Calculate d(-3).
-36
Let y(n) = -5*n - 30. Give y(-5).
-5
Let r(m) = 7*m + 228. Calculate r(-35).
-17
Let v(o) = 6*o - 75. Give v(15).
15
Let k(o) = 2*o**2 + 4*o + 16. Determine k(6).
112
Let o(b) = b**2 - 4*b - 36. Determine o(7).
-15
Let y(w) = w**2 - 13*w - 64. What is y(17)?
4
Let u(j) = 2*j - 19. Determine u(17).
15
Let l(s) = -s + 10. Calculate l(21).
-11
Let f(j) = -2*j + 23. What is f(16)?
-9
Let q(z) = z**3 + 9*z**2 + 11*z + 21. Give q(-8).
-3
Let g(v) = -9*v - 16. Determine g(-2).
2
Let b(g) = -g + 25. Calculate b(19).
6
Let c(v) = v - 44. Determine c(46).
2
Let k(n) = -59*n**3 + n. What is k(1)?
-58
Let b(x) = x**3 + 9*x**2 - 2*x + 3. Give b(-9).
21
Let z(v) = v**3 + 18*v**2 + 43*v - 25. Give z(-15).
5
Let n(p) = -2*p + 3. What is n(6)?
-9
Let f(i) = i**2 - 5*i - 28. Give f(-3).
-4
Let w(u) = -9*u + 6. Give w(-19).
177
Let w(d) = 6*d**2 + 2. Determine w(-2).
26
Let d(b) = -b - 13. Calculate d(-9).
-4
Let x(o) = -47*o - 251. Calculate x(-5).
-16
Let g(p) = p**2 - 12*p + 10. Determine g(12).
10
Let c(v) = -13*v - 8. What is c(-1)?
5
Let v(l) = -l**2 - 15*l + 33. Give v(-16).
17
Let r(x) = -x**3 + 3*x**2 + 9*x - 11. What is r(1)?
0
Let s(j) = -6*j - 70. Calculate s(-10).
-10
Let o(l) = 15*l - 76. Determine o(7).
29
Let g(w) = 2*w**2 + 6*w + 6. Determine g(3).
42
Let n(w) = w**3 + 15*w**2 + 20*w + 27. What is n(-14)?
-57
Let i(g) = -g**2 + 47*g - 303. What is i(39)?
9
Let d(k) = k**3 - k**2 - 1. What is d(3)?
17
Let a(b) = -b**3 + 2*b - 7. Calculate a(-3).
14
Let m(j) = -j**3 - 4*j**2 + 3*j + 4. What is m(-5)?
14
Let l(v) = v**2 - 24*v + 22. Give l(12).
-122
Let a(t) = 3*t**2 - 115*t + 38. Calculate a(38).
0
Let f(m) = m. Give f(-7).
-7
Let g(o) = 2*o**2 - 8*o - 16. Determine g(9).
74
Let l(b) = -4*b + 20. What is l(5)?
0
Let m(j) = -j**2 - 5*j - 2. Calculate m(-6).
-8
Let b(a) = -a**2 + 26*a - 29. Give b(25).
-4
Let o(r) = 2*r**2 + 47*r + 264. Calculate o(-9).
3
Let s(o) = -o**2 - 8*o - 1. Calculate s(-6).
11
Let o(q) = -14*q**2 + q - 3. Determine o(4).
-223
Let v(d) = d**3 + d**